{"id":44,"date":"2013-12-02T08:49:09","date_gmt":"2013-12-02T07:49:09","guid":{"rendered":"http:\/\/gradic.si\/?page_id=44"},"modified":"2025-01-08T12:41:59","modified_gmt":"2025-01-08T11:41:59","slug":"galerijska","status":"publish","type":"page","link":"http:\/\/gradic.si\/?page_id=44","title":{"rendered":"Galerijska"},"content":{"rendered":"\n<p>Prostor namenjen likovnim razstavam klasi\u010dnih vizualnih umetnikov in obenem prostor dru\u017eenja.<\/p>\n\n\n\n<div style=\"height:30px\" aria-hidden=\"true\" class=\"wp-block-spacer\"><\/div>\n\n\n\n<figure class=\"wp-block-image size-full\"><a href=\"http:\/\/gradic.si\/wp-content\/uploads\/2013\/12\/galerijska.jpg\"><img loading=\"lazy\" decoding=\"async\" width=\"1024\" height=\"678\" src=\"http:\/\/gradic.si\/wp-content\/uploads\/2013\/12\/galerijska.jpg\" alt=\"Galerijska soba\" class=\"wp-image-96\" srcset=\"http:\/\/gradic.si\/wp-content\/uploads\/2013\/12\/galerijska.jpg 1024w, http:\/\/gradic.si\/wp-content\/uploads\/2013\/12\/galerijska-300x198.jpg 300w, http:\/\/gradic.si\/wp-content\/uploads\/2013\/12\/galerijska-940x622.jpg 940w, http:\/\/gradic.si\/wp-content\/uploads\/2013\/12\/galerijska-620x410.jpg 620w, http:\/\/gradic.si\/wp-content\/uploads\/2013\/12\/galerijska-195x129.jpg 195w\" sizes=\"auto, (max-width: 1024px) 100vw, 1024px\" \/><\/a><\/figure>\n\n\n\n<p>foto: Andrej Udu\u010d<\/p>\n","protected":false},"excerpt":{"rendered":"<p>Prostor namenjen likovnim razstavam klasi\u010dnih vizualnih umetnikov in obenem prostor dru\u017eenja. foto: Andrej Udu\u010d<\/p>\n","protected":false},"author":2,"featured_media":0,"parent":0,"menu_order":0,"comment_status":"open","ping_status":"open","template":"","meta":{"footnotes":""},"class_list":["post-44","page","type-page","status-publish","hentry"],"_links":{"self":[{"href":"http:\/\/gradic.si\/index.php?rest_route=\/wp\/v2\/pages\/44","targetHints":{"allow":["GET"]}}],"collection":[{"href":"http:\/\/gradic.si\/index.php?rest_route=\/wp\/v2\/pages"}],"about":[{"href":"http:\/\/gradic.si\/index.php?rest_route=\/wp\/v2\/types\/page"}],"author":[{"embeddable":true,"href":"http:\/\/gradic.si\/index.php?rest_route=\/wp\/v2\/users\/2"}],"replies":[{"embeddable":true,"href":"http:\/\/gradic.si\/index.php?rest_route=%2Fwp%2Fv2%2Fcomments&post=44"}],"version-history":[{"count":7,"href":"http:\/\/gradic.si\/index.php?rest_route=\/wp\/v2\/pages\/44\/revisions"}],"predecessor-version":[{"id":476,"href":"http:\/\/gradic.si\/index.php?rest_route=\/wp\/v2\/pages\/44\/revisions\/476"}],"wp:attachment":[{"href":"http:\/\/gradic.si\/index.php?rest_route=%2Fwp%2Fv2%2Fmedia&parent=44"}],"curies":[{"name":"wp","href":"https:\/\/api.w.org\/{rel}","templated":true}]}}

<p>Prostor namenjen likovnim razstavam klasičnih vizualnih umetnikov in obenem prostor druženja.</p>



<div style="height:30px" aria-hidden="true" class="wp-block-spacer"></div>



<figure class="wp-block-image size-full"><a href="http://gradic.si/wp-content/uploads/2013/12/galerijska.jpg"><img loading="lazy" decoding="async" width="1024" height="678" src="http://gradic.si/wp-content/uploads/2013/12/galerijska.jpg" alt="Galerijska soba" class="wp-image-96" srcset="http://gradic.si/wp-content/uploads/2013/12/galerijska.jpg 1024w, http://gradic.si/wp-content/uploads/2013/12/galerijska-300x198.jpg 300w, http://gradic.si/wp-content/uploads/2013/12/galerijska-940x622.jpg 940w, http://gradic.si/wp-content/uploads/2013/12/galerijska-620x410.jpg 620w, http://gradic.si/wp-content/uploads/2013/12/galerijska-195x129.jpg 195w" sizes="auto, (max-width: 1024px) 100vw, 1024px" /></a></figure>



<p>foto: Andrej Uduč</p>

<p>Prostor namenjen likovnim razstavam klasičnih vizualnih umetnikov in obenem prostor druženja. foto: Andrej Uduč</p>
