{"id":40,"date":"2013-12-02T08:48:33","date_gmt":"2013-12-02T07:48:33","guid":{"rendered":"http:\/\/gradic.si\/?page_id=40"},"modified":"2023-11-13T09:23:57","modified_gmt":"2023-11-13T08:23:57","slug":"grofovska","status":"publish","type":"page","link":"http:\/\/gradic.si\/?page_id=40","title":{"rendered":"Grofovska (poro\u010dna)"},"content":{"rendered":"\n<p>Protokolarni prostor Ob\u010dine Trbovlje, ki je namenjen porokam, podelitvam ob\u010dinskih nagrad in drugim slavnostnim dogodkom<\/p>\n\n\n\n<figure class=\"wp-block-gallery has-nested-images columns-default is-cropped wp-block-gallery-1 is-layout-flex wp-block-gallery-is-layout-flex\">\n<figure class=\"wp-block-image size-large\"><a href=\"http:\/\/gradic.si\/wp-content\/uploads\/2013\/12\/poro\u010dna-dvorana-1.jpg\"><img loading=\"lazy\" decoding=\"async\" width=\"1024\" height=\"678\" data-id=\"97\" src=\"http:\/\/gradic.si\/wp-content\/uploads\/2013\/12\/poro\u010dna-dvorana-1.jpg\" alt=\"Poro\u010dna dvorana v Gradi\u010du Trbovlje 1\" class=\"wp-image-97\" srcset=\"http:\/\/gradic.si\/wp-content\/uploads\/2013\/12\/poro\u010dna-dvorana-1.jpg 1024w, http:\/\/gradic.si\/wp-content\/uploads\/2013\/12\/poro\u010dna-dvorana-1-300x198.jpg 300w, http:\/\/gradic.si\/wp-content\/uploads\/2013\/12\/poro\u010dna-dvorana-1-940x622.jpg 940w, http:\/\/gradic.si\/wp-content\/uploads\/2013\/12\/poro\u010dna-dvorana-1-620x410.jpg 620w, http:\/\/gradic.si\/wp-content\/uploads\/2013\/12\/poro\u010dna-dvorana-1-195x129.jpg 195w\" sizes=\"auto, (max-width: 1024px) 100vw, 1024px\" \/><\/a><\/figure>\n\n\n\n<figure class=\"wp-block-image size-large\"><a href=\"http:\/\/gradic.si\/wp-content\/uploads\/2013\/12\/poro\u010dna-dvorana-2.jpg\"><img loading=\"lazy\" decoding=\"async\" width=\"1024\" height=\"678\" data-id=\"98\" src=\"http:\/\/gradic.si\/wp-content\/uploads\/2013\/12\/poro\u010dna-dvorana-2.jpg\" alt=\"Poro\u010dna dvorana v Gradi\u010du Trbovlje 2\" class=\"wp-image-98\" srcset=\"http:\/\/gradic.si\/wp-content\/uploads\/2013\/12\/poro\u010dna-dvorana-2.jpg 1024w, http:\/\/gradic.si\/wp-content\/uploads\/2013\/12\/poro\u010dna-dvorana-2-300x198.jpg 300w, http:\/\/gradic.si\/wp-content\/uploads\/2013\/12\/poro\u010dna-dvorana-2-940x622.jpg 940w, http:\/\/gradic.si\/wp-content\/uploads\/2013\/12\/poro\u010dna-dvorana-2-620x410.jpg 620w, http:\/\/gradic.si\/wp-content\/uploads\/2013\/12\/poro\u010dna-dvorana-2-195x129.jpg 195w\" sizes=\"auto, (max-width: 1024px) 100vw, 1024px\" \/><\/a><\/figure>\n\n\n\n<figure class=\"wp-block-image size-large\"><a href=\"http:\/\/gradic.si\/wp-content\/uploads\/2013\/12\/poro\u010dna-dvorana-3.jpg\"><img loading=\"lazy\" decoding=\"async\" width=\"1024\" height=\"678\" data-id=\"99\" src=\"http:\/\/gradic.si\/wp-content\/uploads\/2013\/12\/poro\u010dna-dvorana-3.jpg\" alt=\"Poro\u010dna dvorana v Gradi\u010du Trbovlje 3\" class=\"wp-image-99\" srcset=\"http:\/\/gradic.si\/wp-content\/uploads\/2013\/12\/poro\u010dna-dvorana-3.jpg 1024w, http:\/\/gradic.si\/wp-content\/uploads\/2013\/12\/poro\u010dna-dvorana-3-300x198.jpg 300w, http:\/\/gradic.si\/wp-content\/uploads\/2013\/12\/poro\u010dna-dvorana-3-940x622.jpg 940w, http:\/\/gradic.si\/wp-content\/uploads\/2013\/12\/poro\u010dna-dvorana-3-620x410.jpg 620w, http:\/\/gradic.si\/wp-content\/uploads\/2013\/12\/poro\u010dna-dvorana-3-195x129.jpg 195w\" sizes=\"auto, (max-width: 1024px) 100vw, 1024px\" \/><\/a><\/figure>\n\n\n\n<figure class=\"wp-block-image size-large\"><a href=\"http:\/\/gradic.si\/wp-content\/uploads\/2013\/12\/poro\u010dna-dvorana-4.jpg\"><img loading=\"lazy\" decoding=\"async\" width=\"1024\" height=\"678\" data-id=\"100\" src=\"http:\/\/gradic.si\/wp-content\/uploads\/2013\/12\/poro\u010dna-dvorana-4.jpg\" alt=\"Poro\u010dna dvorana v Gradi\u010du Trbovlje 4\" class=\"wp-image-100\" srcset=\"http:\/\/gradic.si\/wp-content\/uploads\/2013\/12\/poro\u010dna-dvorana-4.jpg 1024w, http:\/\/gradic.si\/wp-content\/uploads\/2013\/12\/poro\u010dna-dvorana-4-300x198.jpg 300w, http:\/\/gradic.si\/wp-content\/uploads\/2013\/12\/poro\u010dna-dvorana-4-940x622.jpg 940w, http:\/\/gradic.si\/wp-content\/uploads\/2013\/12\/poro\u010dna-dvorana-4-620x410.jpg 620w, http:\/\/gradic.si\/wp-content\/uploads\/2013\/12\/poro\u010dna-dvorana-4-195x129.jpg 195w\" sizes=\"auto, (max-width: 1024px) 100vw, 1024px\" \/><\/a><\/figure>\n\n\n\n<figure class=\"wp-block-image size-large\"><a href=\"http:\/\/gradic.si\/wp-content\/uploads\/2013\/12\/poro\u010dna-dvorana-5.jpg\"><img loading=\"lazy\" decoding=\"async\" width=\"1024\" height=\"678\" data-id=\"101\" src=\"http:\/\/gradic.si\/wp-content\/uploads\/2013\/12\/poro\u010dna-dvorana-5.jpg\" alt=\"\" class=\"wp-image-101\" srcset=\"http:\/\/gradic.si\/wp-content\/uploads\/2013\/12\/poro\u010dna-dvorana-5.jpg 1024w, http:\/\/gradic.si\/wp-content\/uploads\/2013\/12\/poro\u010dna-dvorana-5-300x198.jpg 300w, http:\/\/gradic.si\/wp-content\/uploads\/2013\/12\/poro\u010dna-dvorana-5-940x622.jpg 940w, http:\/\/gradic.si\/wp-content\/uploads\/2013\/12\/poro\u010dna-dvorana-5-620x410.jpg 620w, http:\/\/gradic.si\/wp-content\/uploads\/2013\/12\/poro\u010dna-dvorana-5-195x129.jpg 195w\" sizes=\"auto, (max-width: 1024px) 100vw, 1024px\" \/><\/a><\/figure>\n\n\n\n<figure class=\"wp-block-image size-large\"><a href=\"http:\/\/gradic.si\/wp-content\/uploads\/2013\/12\/poro\u010dna-dvorana-6-grb-grofov-Celjskih.jpg\"><img loading=\"lazy\" decoding=\"async\" width=\"709\" height=\"1024\" data-id=\"102\" src=\"http:\/\/gradic.si\/wp-content\/uploads\/2013\/12\/poro\u010dna-dvorana-6-grb-grofov-Celjskih.jpg\" alt=\"\" class=\"wp-image-102\" srcset=\"http:\/\/gradic.si\/wp-content\/uploads\/2013\/12\/poro\u010dna-dvorana-6-grb-grofov-Celjskih.jpg 709w, http:\/\/gradic.si\/wp-content\/uploads\/2013\/12\/poro\u010dna-dvorana-6-grb-grofov-Celjskih-207x300.jpg 207w, http:\/\/gradic.si\/wp-content\/uploads\/2013\/12\/poro\u010dna-dvorana-6-grb-grofov-Celjskih-620x895.jpg 620w, http:\/\/gradic.si\/wp-content\/uploads\/2013\/12\/poro\u010dna-dvorana-6-grb-grofov-Celjskih-135x195.jpg 135w\" sizes=\"auto, (max-width: 709px) 100vw, 709px\" \/><\/a><\/figure>\n<\/figure>\n\n\n\n<p>Foto: Andrej Udu\u010d<\/p>\n","protected":false},"excerpt":{"rendered":"<p>Protokolarni prostor Ob\u010dine Trbovlje, ki je namenjen porokam, podelitvam ob\u010dinskih nagrad in drugim slavnostnim dogodkom Foto: Andrej Udu\u010d<\/p>\n","protected":false},"author":2,"featured_media":0,"parent":0,"menu_order":0,"comment_status":"open","ping_status":"closed","template":"","meta":{"footnotes":""},"class_list":["post-40","page","type-page","status-publish","hentry"],"_links":{"self":[{"href":"http:\/\/gradic.si\/index.php?rest_route=\/wp\/v2\/pages\/40","targetHints":{"allow":["GET"]}}],"collection":[{"href":"http:\/\/gradic.si\/index.php?rest_route=\/wp\/v2\/pages"}],"about":[{"href":"http:\/\/gradic.si\/index.php?rest_route=\/wp\/v2\/types\/page"}],"author":[{"embeddable":true,"href":"http:\/\/gradic.si\/index.php?rest_route=\/wp\/v2\/users\/2"}],"replies":[{"embeddable":true,"href":"http:\/\/gradic.si\/index.php?rest_route=%2Fwp%2Fv2%2Fcomments&post=40"}],"version-history":[{"count":14,"href":"http:\/\/gradic.si\/index.php?rest_route=\/wp\/v2\/pages\/40\/revisions"}],"predecessor-version":[{"id":457,"href":"http:\/\/gradic.si\/index.php?rest_route=\/wp\/v2\/pages\/40\/revisions\/457"}],"wp:attachment":[{"href":"http:\/\/gradic.si\/index.php?rest_route=%2Fwp%2Fv2%2Fmedia&parent=40"}],"curies":[{"name":"wp","href":"https:\/\/api.w.org\/{rel}","templated":true}]}}

Grofovska (poročna)

<p>Protokolarni prostor Občine Trbovlje, ki je namenjen porokam, podelitvam občinskih nagrad in drugim slavnostnim dogodkom</p>



<figure class="wp-block-gallery has-nested-images columns-default is-cropped wp-block-gallery-1 is-layout-flex wp-block-gallery-is-layout-flex">
<figure class="wp-block-image size-large"><a href="http://gradic.si/wp-content/uploads/2013/12/poročna-dvorana-1.jpg"><img loading="lazy" decoding="async" width="1024" height="678" data-id="97" src="http://gradic.si/wp-content/uploads/2013/12/poročna-dvorana-1.jpg" alt="Poročna dvorana v Gradiču Trbovlje 1" class="wp-image-97" srcset="http://gradic.si/wp-content/uploads/2013/12/poročna-dvorana-1.jpg 1024w, http://gradic.si/wp-content/uploads/2013/12/poročna-dvorana-1-300x198.jpg 300w, http://gradic.si/wp-content/uploads/2013/12/poročna-dvorana-1-940x622.jpg 940w, http://gradic.si/wp-content/uploads/2013/12/poročna-dvorana-1-620x410.jpg 620w, http://gradic.si/wp-content/uploads/2013/12/poročna-dvorana-1-195x129.jpg 195w" sizes="auto, (max-width: 1024px) 100vw, 1024px" /></a></figure>



<figure class="wp-block-image size-large"><a href="http://gradic.si/wp-content/uploads/2013/12/poročna-dvorana-2.jpg"><img loading="lazy" decoding="async" width="1024" height="678" data-id="98" src="http://gradic.si/wp-content/uploads/2013/12/poročna-dvorana-2.jpg" alt="Poročna dvorana v Gradiču Trbovlje 2" class="wp-image-98" srcset="http://gradic.si/wp-content/uploads/2013/12/poročna-dvorana-2.jpg 1024w, http://gradic.si/wp-content/uploads/2013/12/poročna-dvorana-2-300x198.jpg 300w, http://gradic.si/wp-content/uploads/2013/12/poročna-dvorana-2-940x622.jpg 940w, http://gradic.si/wp-content/uploads/2013/12/poročna-dvorana-2-620x410.jpg 620w, http://gradic.si/wp-content/uploads/2013/12/poročna-dvorana-2-195x129.jpg 195w" sizes="auto, (max-width: 1024px) 100vw, 1024px" /></a></figure>



<figure class="wp-block-image size-large"><a href="http://gradic.si/wp-content/uploads/2013/12/poročna-dvorana-3.jpg"><img loading="lazy" decoding="async" width="1024" height="678" data-id="99" src="http://gradic.si/wp-content/uploads/2013/12/poročna-dvorana-3.jpg" alt="Poročna dvorana v Gradiču Trbovlje 3" class="wp-image-99" srcset="http://gradic.si/wp-content/uploads/2013/12/poročna-dvorana-3.jpg 1024w, http://gradic.si/wp-content/uploads/2013/12/poročna-dvorana-3-300x198.jpg 300w, http://gradic.si/wp-content/uploads/2013/12/poročna-dvorana-3-940x622.jpg 940w, http://gradic.si/wp-content/uploads/2013/12/poročna-dvorana-3-620x410.jpg 620w, http://gradic.si/wp-content/uploads/2013/12/poročna-dvorana-3-195x129.jpg 195w" sizes="auto, (max-width: 1024px) 100vw, 1024px" /></a></figure>



<figure class="wp-block-image size-large"><a href="http://gradic.si/wp-content/uploads/2013/12/poročna-dvorana-4.jpg"><img loading="lazy" decoding="async" width="1024" height="678" data-id="100" src="http://gradic.si/wp-content/uploads/2013/12/poročna-dvorana-4.jpg" alt="Poročna dvorana v Gradiču Trbovlje 4" class="wp-image-100" srcset="http://gradic.si/wp-content/uploads/2013/12/poročna-dvorana-4.jpg 1024w, http://gradic.si/wp-content/uploads/2013/12/poročna-dvorana-4-300x198.jpg 300w, http://gradic.si/wp-content/uploads/2013/12/poročna-dvorana-4-940x622.jpg 940w, http://gradic.si/wp-content/uploads/2013/12/poročna-dvorana-4-620x410.jpg 620w, http://gradic.si/wp-content/uploads/2013/12/poročna-dvorana-4-195x129.jpg 195w" sizes="auto, (max-width: 1024px) 100vw, 1024px" /></a></figure>



<figure class="wp-block-image size-large"><a href="http://gradic.si/wp-content/uploads/2013/12/poročna-dvorana-5.jpg"><img loading="lazy" decoding="async" width="1024" height="678" data-id="101" src="http://gradic.si/wp-content/uploads/2013/12/poročna-dvorana-5.jpg" alt="" class="wp-image-101" srcset="http://gradic.si/wp-content/uploads/2013/12/poročna-dvorana-5.jpg 1024w, http://gradic.si/wp-content/uploads/2013/12/poročna-dvorana-5-300x198.jpg 300w, http://gradic.si/wp-content/uploads/2013/12/poročna-dvorana-5-940x622.jpg 940w, http://gradic.si/wp-content/uploads/2013/12/poročna-dvorana-5-620x410.jpg 620w, http://gradic.si/wp-content/uploads/2013/12/poročna-dvorana-5-195x129.jpg 195w" sizes="auto, (max-width: 1024px) 100vw, 1024px" /></a></figure>



<figure class="wp-block-image size-large"><a href="http://gradic.si/wp-content/uploads/2013/12/poročna-dvorana-6-grb-grofov-Celjskih.jpg"><img loading="lazy" decoding="async" width="709" height="1024" data-id="102" src="http://gradic.si/wp-content/uploads/2013/12/poročna-dvorana-6-grb-grofov-Celjskih.jpg" alt="" class="wp-image-102" srcset="http://gradic.si/wp-content/uploads/2013/12/poročna-dvorana-6-grb-grofov-Celjskih.jpg 709w, http://gradic.si/wp-content/uploads/2013/12/poročna-dvorana-6-grb-grofov-Celjskih-207x300.jpg 207w, http://gradic.si/wp-content/uploads/2013/12/poročna-dvorana-6-grb-grofov-Celjskih-620x895.jpg 620w, http://gradic.si/wp-content/uploads/2013/12/poročna-dvorana-6-grb-grofov-Celjskih-135x195.jpg 135w" sizes="auto, (max-width: 709px) 100vw, 709px" /></a></figure>
</figure>



<p>Foto: Andrej Uduč</p>

<p>Protokolarni prostor Občine Trbovlje, ki je namenjen porokam, podelitvam občinskih nagrad in drugim slavnostnim dogodkom Foto: Andrej Uduč</p>
